n and 242?
22
Suppose -4*b - 24 = -3*h, -h = 2*b + 2 - 0. Suppose 4*o = -h, -3*g + 140 - 28 = -4*o. Calculate the greatest common divisor of g and 24.
12
Let m = -219 + 429. What is the greatest common factor of m and 10?
10
Suppose -3*k + 2*q = -q - 21, -q - 16 = -4*k. Let y = k - -10. Let u be (0 - 78)*(-3 - -2). What is the greatest common divisor of u and y?
13
Suppose 3*w - 2*k - 250 = 0, 4*w + k - 155 = 182. Suppose -4*j + w = -16. What is the highest common divisor of 5 and j?
5
Let y(k) = k**3 - k**2 - 3*k + 2. Let v be y(2). Suppose 30 = 5*i - v*i. Calculate the greatest common factor of 15 and i.
3
Let i be 2 + (1 + 1)/2. Suppose -2*d = 4*q - 20, -i*d + 3*q = q - 6. Let s = 21 + -15. Calculate the highest common factor of s and d.
2
Suppose -4*t + 6*h + 40 = 3*h, -5*t - 5*h + 85 = 0. Let m = t - -2. Let o be (0 + -1 + 0)*-5. What is the greatest common divisor of o and m?
5
Suppose -2*i + 5 = -7. Suppose 0*h + i = 3*h. Let r be 12/(-9)*(-15)/h. Calculate the highest common factor of r and 25.
5
Let a = 42 + -24. Calculate the greatest common divisor of a and 126.
18
Suppose 195 = 2*s - 3*x, 4*x - 6 = 14. Suppose 36 + 8 = -4*p. Let q = 4 - p. What is the greatest common divisor of q and s?
15
Suppose -s - 3*j = -3*s + 107, 4*j = -5*s + 279. Suppose -5*n + 15 + s = 0. What is the highest common divisor of n and 154?
14
Let z(o) = 12*o + 3. Let w be z(2). Calculate the highest common factor of w and 3.
3
Suppose 2*u + 2*i = 52, 0 = -7*u + 2*u + i + 100. Calculate the greatest common divisor of 7 and u.
7
Let x = 82 + 113. What is the highest common divisor of x and 39?
39
Let x(v) = -6*v - 4. Let i be x(-5). Let z = 165 - -121. What is the greatest common divisor of z and i?
26
Let w be -365*2*(-3)/6. Suppose 6*s + o = 3*s + 211, -5*s = -o - w. What is the greatest common divisor of 8 and s?
8
Let r(y) be the third derivative of -7*y**6/120 + y**5/30 - y**3/6 - 2*y**2. Let h be r(-1). Calculate the highest common divisor of h and 1.
1
Let y be (12/5)/(3/10). Let z(i) be the first derivative of i**3/3 + 2*i**2 - 5*i + 1. Let o be z(7). What is the greatest common factor of o and y?
8
Suppose 0 = -5*o + o + 352. Let h = 6 + 5. Calculate the greatest common divisor of o and h.
11
Let j be 131/6 - (-9)/54. Calculate the greatest common factor of j and 55.
11
Suppose -4*n + 429 = 141. Calculate the highest common factor of n and 8.
8
Let w(j) = j**2 + 3*j - 6. Let n be w(-5). Suppose -2*h - 16 = -6*h. Calculate the greatest common factor of n and h.
4
Let n(g) = 19*g**2 + g + 2. Let v be n(-1). Let r be 2/1*10*5. Calculate the highest common divisor of v and r.
20
Let w(p) = -p**3 - 19*p**2 + 19*p + 10. Let n be w(-20). Calculate the highest common factor of n and 75.
15
Let m(n) = n**2 - 7*n + 16. Let g be m(6). Calculate the highest common factor of g and 130.
10
Let n = -55 + 91. Calculate the greatest common factor of n and 24.
12
Let l(h) = 1 + 2*h**2 + 5 - 5*h + 2*h**2. Let u be l(5). Let n = -17 + 26. Calculate the highest common factor of n and u.
9
Suppose 9 = m + 2*m + 2*z, m + 8 = 3*z. Let a = -2 - m. Let s be (-53)/(-3) + (-1)/a. Calculate the highest common factor of 12 and s.
6
Let v(b) = -b**2 - 5*b + 5. Let y be v(-5). Let n = -9 - -49. Calculate the greatest common divisor of n and y.
5
Suppose 2*p + 5*a + 15 = 3*p, -3*a = 0. Calculate the greatest common factor of 165 and p.
15
Let b = 317 + -221. What is the greatest common factor of b and 24?
24
Let y(t) = -t**3 - 20*t**2 - 19*t + 18. Let n be y(-19). Calculate the greatest common factor of 2 and n.
2
Suppose 0*x + x - 5*i - 9 = 0, 5*x + 4*i = 103. Calculate the highest common factor of x and 209.
19
Suppose 106 + 479 = 13*b. Calculate the greatest common divisor of b and 27.
9
Suppose 2 = o - 4. Let r(f) = f - 33. Let c be r(0). Let a = c + 48. What is the highest common divisor of a and o?
3
Let u(d) = 2*d**2. Let y be u(-4). Let f = 53 - y. What is the highest common factor of f and 63?
21
Let n = -20 - -20. Suppose n = -6*q + q + 30. What is the greatest common factor of q and 66?
6
Let q be (5/2)/((-1)/(-6)). What is the greatest common divisor of 105 and q?
15
Suppose -2*g + g = -3, -36 = -5*w - 2*g. Calculate the highest common divisor of w and 18.
6
Suppose -5*g = 4*n - 36, 5*n - 9 - 2 = -2*g. What is the greatest common factor of 16 and g?
8
Let g(t) = 7*t**2 + t - 3. Suppose -4 + 0 = -2*m. Let c be g(m). What is the greatest common factor of c and 18?
9
Let l(i) = i**2 - i + 2. Let y be l(0). Let n be (-78)/(y/((-4)/3)). Calculate the highest common divisor of n and 26.
26
Let p(j) = -j**3 + 5*j**2 + 2*j + 4. Let c be p(5). What is the greatest common factor of 35 and c?
7
Let k(t) = -21*t - 22. Let y be k(-4). What is the greatest common divisor of 31 and y?
31
Suppose 0 = -3*z - q - 32, 2*q + 2*q + 20 = -3*z. Let f = 0 - z. Calculate the highest common divisor of f and 30.
6
Suppose 0 = 9*w - 26 - 118. What is the greatest common factor of w and 80?
16
Let h be (-1 + 8 - 2)/1. Suppose h*k + 0*k - 270 = 0. Suppose -4*u = -2*a + k, -4*a = u + 2*u - 75. Calculate the greatest common factor of a and 7.
7
Suppose -c + 15 - 17 = 0. Let i = c - -18. What is the greatest common divisor of 32 and i?
16
Let h = -26 + 52. Let u = 17 - -48. Calculate the highest common divisor of u and h.
13
Let a(t) = -t - 8. Let x be a(-10). Calculate the greatest common factor of x and 6.
2
Suppose 0 = -y + 2*y. Suppose y = u - 3*f - 7, 4*u - 12 - 7 = 3*f. Suppose u*x - 164 = 172. What is the greatest common divisor of x and 12?
12
Suppose -2*i = -3*i + 8. Calculate the highest common divisor of i and 32.
8
Let o = -7 - -7. Suppose 10 = -o*n + n. Let p = -2 + 12. Calculate the greatest common factor of n and p.
10
Let v = 132 + -117. Calculate the highest common divisor of v and 35.
5
Suppose 2*h - 3*g - 57 = -h, 4*h - 3*g = 74. What is the highest common divisor of 17 and h?
17
Let h = -32 + 18. Let w = -10 - h. What is the greatest common divisor of 44 and w?
4
Let r be -1 + 0 + -1 + 18. Suppose 0 = f + 2*i - 7*i - 3, -2*f = -2*i - 14. Calculate the greatest common divisor of r and f.
8
Let j be ((-46)/(-7) - 4)*56. What is the greatest common factor of j and 18?
18
Let f = -1 + 16. What is the highest common divisor of 15 and f?
15
Let g = 66 - -4. What is the highest common factor of 28 and g?
14
Let u be ((-56)/(-12))/(2/6). What is the highest common factor of 112 and u?
14
Suppose -5*n + 32 = 2*u + u, 0 = -2*u + 4*n + 36. Suppose -3*b - u = -146. Let t be ((-8)/6)/(3/(-9)). What is the highest common divisor of t and b?
4
Let g be ((-2)/2)/(10/250). Let h = g + 53. Calculate the greatest common divisor of h and 4.
4
Suppose 3*k = y + 14, -y - 2*y = -3. Calculate the highest common divisor of 1 and k.
1
Let p(r) = -r + 2. Let m(s) = 2*s - 1. Let h be 4/6*(0 - -3). Let k(u) = h*m(u) + 3*p(u). Let t be k(0). Calculate the greatest common factor of t and 4.
4
Let l = 3 + -3. Let y = l + 2. Calculate the greatest common factor of y and 2.
2
Suppose 9 + 102 = 3*m. Let s = 2 + 2. Suppose s*f - m - 23 = 0. What is the highest common divisor of f and 5?
5
Let n(g) = -11*g**2 - 2*g + 1. Let r be n(1). Let u be r*((-12)/(-9))/(-2). Calculate the highest common divisor of 8 and u.
8
Let s = -52 - -67. Let i = -9 - -14. Calculate the greatest common factor of i and s.
5
Let g(k) be the second derivative of -k**4/12 - 5*k**3/6 + 5*k**2/2 + 5*k. Let q be g(-5). Calculate the highest common factor of 30 and q.
5
Let v(d) = -d**3 + 5*d**2 - 1. Let x be v(4). Calculate the highest common factor of x and 15.
15
Let h = -1 + 4. Suppose h*d - 15 = -3. Suppose -r = 2, 0 = -4*s + d*r + 12 + 28. What is the greatest common factor of s and 24?
8
Let u be (-2 - 1)/((-5)/35). Calculate the greatest common divisor of u and 189.
21
Suppose -14*q + 18*q - 36 = 0. Calculate the highest common divisor of q and 18.
9
Let f(b) = -b**3 - 16*b**2 - b - 8. Suppose 0*c + 4*c + 64 = 0. Let q be f(c). Calculate the greatest common divisor of 64 and q.
8
Suppose 3*h - 2*i = -26, i - 14 = h + 3*i. Let b be -2 + (-2 - h) - -1. Let p be 4/((-8)/(-21))*2. What is the highest common divisor of p and b?
7
Let t(f) = 59*f. Let r be t(3). Let q = 430 - 299. Suppose 0 = 4*d - r - q. What is the highest common divisor of d 